prime?
False
Is 70588928677 composite?
False
Is 732756293 a prime number?
False
Is 9428165573 prime?
True
Is 23850250019 composite?
False
Is 462839479 prime?
True
Is 70559250187 a composite number?
False
Is 2908225654 a prime number?
False
Is 306091447513 prime?
True
Is 9340897837 composite?
True
Is 1767869167 prime?
False
Is 106230017 a prime number?
False
Is 43158689009 prime?
False
Is 725421769 prime?
True
Is 391816783 a composite number?
False
Is 3475177711 composite?
False
Is 11048536738 composite?
True
Is 636970409 a composite number?
False
Is 75143777 a prime number?
True
Is 4500997901 a composite number?
False
Is 101137920101 prime?
True
Is 5451357193 prime?
True
Is 15474184069 prime?
True
Is 123907299389 composite?
False
Is 28115764601 prime?
True
Is 1132958639 prime?
True
Is 1457005883 prime?
False
Is 4830576139 a prime number?
False
Is 1213094369 a prime number?
False
Is 6212071479 a composite number?
True
Is 12067936147 composite?
False
Is 108521709785 prime?
False
Is 11247279257 a composite number?
True
Is 17024163349 a composite number?
False
Is 3369753697 a prime number?
True
Is 16619383177 prime?
True
Is 28772711177 a composite number?
True
Is 4942677409 a composite number?
False
Is 9662925011 prime?
True
Is 55860023 a composite number?
False
Is 24859496062 prime?
False
Is 31606579 composite?
False
Is 12706019957 prime?
True
Is 312491293 a prime number?
False
Is 40382003 prime?
True
Is 612659867 a prime number?
True
Is 2316982795 a composite number?
True
Is 4438686719 a prime number?
True
Is 19725175733 prime?
False
Is 1119662395 a prime number?
False
Is 837352591 composite?
True
Is 8095399885 composite?
True
Is 2008156663 prime?
True
Is 39788597663 a composite number?
False
Is 208271209595 a composite number?
True
Is 9146583773 composite?
False
Is 3603507289 composite?
True
Is 13545530809 a composite number?
True
Is 412512985 composite?
True
Is 5703557 composite?
False
Is 3110248543 prime?
False
Is 11240087 prime?
True
Is 255831269 composite?
False
Is 3114124509 a prime number?
False
Is 5609489279 prime?
True
Is 18006603281 a prime number?
True
Is 8733525113 a prime number?
False
Is 18555253 a prime number?
True
Is 174431133161 composite?
False
Is 10162469077 prime?
True
Is 328346911 a composite number?
False
Is 8167410961 a prime number?
False
Is 214815329409 a composite number?
True
Is 10410328289 a composite number?
False
Is 3534802697 a prime number?
False
Is 76189255 a composite number?
True
Is 50252197 a prime number?
True
Is 1886891107 prime?
False
Is 1336450939 prime?
True
Is 15651841961 composite?
True
Is 4507187027 a prime number?
False
Is 10867958515 a composite number?
True
Is 2219105479 prime?
True
Is 171847086541 composite?
True
Is 15877509047 a composite number?
False
Is 21701644957 composite?
True
Is 1563051079 a composite number?
True
Is 4655449961 composite?
False
Is 20464751459 a prime number?
True
Is 90816205615 prime?
False
Is 15475678811 a prime number?
True
Is 55205529997 a composite number?
False
Is 1198169471 prime?
False
Is 2599085471 prime?
False
Is 2541537503 composite?
False
Is 537988903 a prime number?
False
Is 1645486291 a composite number?
True
Is 64549069483 composite?
False
Is 674750647 composite?
False
Is 1622384701 a composite number?
True
Is 741143451 a prime number?
False
Is 162572281 a prime number?
False
Is 5084790787 prime?
True
Is 2102188009 composite?
False
Is 1641472421 a prime number?
False
Is 35466955723 prime?
True
Is 217100144831 a prime number?
False
Is 194948371 composite?
False
Is 1133153617 prime?
False
Is 372945557 a composite number?
True
Is 194563908943 prime?
True
Is 1788179191 prime?
False
Is 1260041467 composite?
False
Is 64050503005 prime?
False
Is 1038471841 a composite number?
True
Is 3027487487 composite?
False
Is 320678207 a composite number?
False
Is 137330597 a prime number?
False
Is 40319514353 composite?
False
Is 163469827 composite?
False
Is 1374118327 a prime number?
True
Is 5256995729 prime?
False
Is 86184907 prime?
True
Is 6392515289 composite?
False
Is 991463761 a prime number?
True
Is 644222209 composite?
False
Is 34526741 prime?
False
Is 409799893 a prime number?
False
Is 5348668027 prime?
False
Is 5523615901 a prime number?
True
Is 2592858871 prime?
True
Is 3220912001 prime?
True
Is 11442047921 a composite number?
False
Is 67638763 prime?
True
Is 4422158281 prime?
True
Is 7657724387 a prime number?
False
Is 44307649 composite?
True
Is 8040743027 a prime number?
True
Is 1255454547 a composite number?
True
Is 160531948523 a composite number?
False
Is 16476186767 a prime number?
False
Is 52741314263 a composite number?
True
Is 193720279 a prime number?
True
Is 110923810133 prime?
True
Is 19916760133 prime?
True
Is 17604841 a prime number?
False
Is 23013083 a prime number?
False
Is 107364436951 a composite number?
True
Is 8105563981 composite?
False
Is 2211047941 composite?
False
Is 582129271 a composite number?
False
Is 11693202998 a composite number?
True
Is 1104624317 composite?
True
Is 3692633519 a composite number?
False
Is 23459305319 composite?
True
Is 7808032639 prime?
False
Is 88190141 composite?
True
Is 4926194887 a prime number?
False
Is 5316392821 a prime number?
True
Is 36022097 a composite number?
False
Is 7719157 composite?
False
Is 150914902603 a composite number?
True
Is 4909356853 a composite number?
False
Is 13141121579 prime?
True
Is 2047998937 composite?
True
Is 5741800807 a prime number?
True
Is 12098367181 composite?
False
Is 5761753573 prime?
True
Is 8804369845 composite?
True
Is 127167101231 prime?
False
Is 1817150191 a composite number?
False
Is 2229991393 prime?
False
Is 2018102237 prime?
False
Is 33641912581 composite?
False
Is 3746442083 composite?
True
Is 988488517 a prime number?
True
Is 86297279921 prime?
False
Is 681106157 prime?
True
Is 808190869 a prime number?
True
Is 524180959 prime?
True
Is 1474053937 composite?
True
Is 11069419511 a composite number?
True
Is 429793411 prime?
False
Is 6403573691 a composite number?
False
Is 7192528561 prime?
True
Is 7449430067 a prime number?
True
Is 466450031 a composite number?
False
Is 2065794251 a prime number?
False
Is 5473469159 prime?
False
Is 36369614 prime?
False
Is 2430813653 a prime number?
True
Is 13647180689 a prime number?
False
Is 3509820283 a prime number?
True
Is 12391192973 a composite number?
True
Is 1017993121 composite?
True
Is 324298651 a prime number?
True
Is 32275232387 composite?
False
Is 245262155 a prime number?
False
Is 743903023 a prime number?
True
Is 86678303003 a composite number?
True
Is 9163576717 prime?
False
Is 404072961995 prime?
False
Is 22107962897 a prime number?
False
Is 180717619373 a composite number?
False
Is 83082574177 prime?
True
Is 9480582371 composite?
True
Is 3312459713 a composite number?
False
Is 1225562647 a prime number?
False
Is 13181096639 prime?
False
Is 1898326723 prime?
True
Is 2708746361 a composite number?
False
Is 5134532299 a composite number?
True
Is 19057246427 a composite number?
True
Is 139754567383 composite?
True
Is 24430361771 prime?
False
Is 5627815577 a prime number?
True
Is 2548802021 composite?
False
Is 2775623899 a prime number?
False
Is 12955241683 prime?
False
Is 10271300633 prime?
False
Is 50591767819 prime?
True
Is 42061629131 a prime number?
True
Is 4471393541 prime?
True
Is 103576876243 a prime number?
True
Is 4699333063 a composite number?
True
Is 75718289459 composite?
True
Is 11750609473 prime?
False
Is 431648671 a prime number?
False
Is 15795361471 a composite number?
False
Is 1687069283 composite?
False
Is 1243206763 composite?
True
Is 440450009 a prime number?
True
Is 336151606341 a prime number?
False
Is 429134177 prime?
False
Is 6809037853 a prime number?
False
Is 11896781739 a composite number?
True
Is 7110232973 a prime number?
True
Is 275437637 a composite number?
True
Is 1022065229 a composite number?
False
Is 363980537 a composite number?
True
Is 10434383039 prime?
True
Is 1896498341 prime?
True
Is 1693156217 a prime number?
False
Is 371635669 a composite number?
False
Is 783221723 a prime number?
False
Is 40768522757 prime?
True
Is 20345660443 composite?
True
Is 1029770909 a composite number?
True
Is 104813809 a composite number?
False
Is 147209034097 a prime number?
True
Is 2561667809 co